{"id":8,"date":"2024-04-03T06:30:52","date_gmt":"2024-04-03T04:30:52","guid":{"rendered":"https:\/\/spcpg.lu\/?page_id=8"},"modified":"2024-04-15T17:01:57","modified_gmt":"2024-04-15T15:01:57","slug":"accueil","status":"publish","type":"page","link":"https:\/\/spcpg.lu\/","title":{"rendered":"Accueil"},"content":{"rendered":"\n<figure class=\"wp-block-image size-full\"><img decoding=\"async\" src=\"https:\/\/spcpg.lu\/wp-content\/uploads\/2024\/04\/spcpg.webp\" alt=\"\" class=\"wp-image-9\"\/><\/figure>\n\n\n\n<p>Den SPCPG besteet an der aktueller Form s\u00e4it&nbsp;2002. Der Gewerkschaft hiert Ziel ass et d\u00e9i&nbsp;professionelle Interessi vum zivillen&nbsp;Personal&nbsp;an der Police Grand-Ducale ze vertrieden, onofh\u00e4ngeg vun Carri\u00e8re an Grade.<\/p>\n\n\n\n<p>1995 ass d\u00e9i \u00e9ischt Personalvertriedung an d\u00ebsem S\u00ebnn gegr\u00ebnnt ginn. D&#8217;Association du Personnel Civil de la Gendarmerie et de la Police (APCGP) ass den Virreider vum aktuellen SPCPG. No der Fusioun vun der Gendarmerie an der Police am Joer 2000, ass och de Numm vun der Associatioun ge\u00e4nnert ginn fir ab elo Association du Personnel Civil de la Police Grand-Ducale (APCPG) ze heeschen. D&#8217;Statuten hunn sech bis op den Numm net ge\u00e4nnert an d&#8217;Ziel ass identesch bliwwen.<\/p>\n\n\n\n<p>2002 ass dunn aus der APCPG den Syndicat du Personnel Civil de la Police Grand-Ducale (SPCPG) ginn.<\/p>\n\n\n\n<div class=\"column\"><a href=\"index.php\"><img decoding=\"async\" style=\"width: 10%;\" src=\"https:\/\/spcpg.lu\/wp-content\/uploads\/2024\/04\/luxembourg-flag-png-large.jpg\" alt=\"Luxembourgish\"><\/a>&nbsp; <a href=\"index.php\/willkommen\"><img decoding=\"async\" style=\"width: 10%;\" src=\"https:\/\/spcpg.lu\/wp-content\/uploads\/2024\/04\/germany-flag-png-large.jpg\" alt=\"German\"><\/a>&nbsp; <a href=\"index.php\/bienvenue\"><img decoding=\"async\" style=\"width: 10%;\" src=\"https:\/\/spcpg.lu\/wp-content\/uploads\/2024\/04\/france-flag-png-large.jpg\" alt=\"French\"><\/a><\/div>\n","protected":false},"excerpt":{"rendered":"<p>Den SPCPG besteet an der aktueller Form s\u00e4it&nbsp;2002. Der Gewerkschaft hiert Ziel ass et d\u00e9i&nbsp;professionelle Interessi vum zivillen&nbsp;Personal&nbsp;an der Police Grand-Ducale ze vertrieden, onofh\u00e4ngeg vun Carri\u00e8re an Grade. 1995 ass d\u00e9i \u00e9ischt Personalvertriedung an d\u00ebsem &hellip;<\/p>\n","protected":false},"author":1,"featured_media":0,"parent":0,"menu_order":0,"comment_status":"closed","ping_status":"closed","template":"","meta":{"footnotes":""},"class_list":["post-8","page","type-page","status-publish","hentry"],"yoast_head":"<!-- This site is optimized with the Yoast SEO plugin v27.6 - https:\/\/yoast.com\/product\/yoast-seo-wordpress\/ -->\n<title>Accueil - SPCPG<\/title>\n<meta name=\"robots\" content=\"index, follow, max-snippet:-1, max-image-preview:large, max-video-preview:-1\" \/>\n<link rel=\"canonical\" href=\"https:\/\/spcpg.lu\/\" \/>\n<meta property=\"og:locale\" content=\"de_DE\" \/>\n<meta property=\"og:type\" content=\"article\" \/>\n<meta property=\"og:title\" content=\"Accueil - SPCPG\" \/>\n<meta property=\"og:description\" content=\"Den SPCPG besteet an der aktueller Form s\u00e4it&nbsp;2002. Der Gewerkschaft hiert Ziel ass et d\u00e9i&nbsp;professionelle Interessi vum zivillen&nbsp;Personal&nbsp;an der Police Grand-Ducale ze vertrieden, onofh\u00e4ngeg vun Carri\u00e8re an Grade. 1995 ass d\u00e9i \u00e9ischt Personalvertriedung an d\u00ebsem &hellip;\" \/>\n<meta property=\"og:url\" content=\"https:\/\/spcpg.lu\/\" \/>\n<meta property=\"og:site_name\" content=\"SPCPG\" \/>\n<meta property=\"article:modified_time\" content=\"2024-04-15T15:01:57+00:00\" \/>\n<meta property=\"og:image\" content=\"https:\/\/spcpg.lu\/wp-content\/uploads\/2024\/04\/spcpg.webp\" \/>\n<meta name=\"twitter:card\" content=\"summary_large_image\" \/>\n<meta name=\"twitter:label1\" content=\"Gesch\u00e4tzte Lesezeit\" \/>\n\t<meta name=\"twitter:data1\" content=\"2\u00a0Minuten\" \/>\n<script type=\"application\/ld+json\" class=\"yoast-schema-graph\">{\"@context\":\"https:\\\/\\\/schema.org\",\"@graph\":[{\"@type\":\"WebPage\",\"@id\":\"https:\\\/\\\/spcpg.lu\\\/\",\"url\":\"https:\\\/\\\/spcpg.lu\\\/\",\"name\":\"Accueil - SPCPG\",\"isPartOf\":{\"@id\":\"https:\\\/\\\/spcpg.lu\\\/#website\"},\"primaryImageOfPage\":{\"@id\":\"https:\\\/\\\/spcpg.lu\\\/#primaryimage\"},\"image\":{\"@id\":\"https:\\\/\\\/spcpg.lu\\\/#primaryimage\"},\"thumbnailUrl\":\"https:\\\/\\\/spcpg.lu\\\/wp-content\\\/uploads\\\/2024\\\/04\\\/spcpg.webp\",\"datePublished\":\"2024-04-03T04:30:52+00:00\",\"dateModified\":\"2024-04-15T15:01:57+00:00\",\"breadcrumb\":{\"@id\":\"https:\\\/\\\/spcpg.lu\\\/#breadcrumb\"},\"inLanguage\":\"de\",\"potentialAction\":[{\"@type\":\"ReadAction\",\"target\":[\"https:\\\/\\\/spcpg.lu\\\/\"]}]},{\"@type\":\"ImageObject\",\"inLanguage\":\"de\",\"@id\":\"https:\\\/\\\/spcpg.lu\\\/#primaryimage\",\"url\":\"\",\"contentUrl\":\"\"},{\"@type\":\"BreadcrumbList\",\"@id\":\"https:\\\/\\\/spcpg.lu\\\/#breadcrumb\",\"itemListElement\":[{\"@type\":\"ListItem\",\"position\":1,\"name\":\"Startseite\",\"item\":\"https:\\\/\\\/spcpg.lu\\\/\"},{\"@type\":\"ListItem\",\"position\":2,\"name\":\"Accueil\"}]},{\"@type\":\"WebSite\",\"@id\":\"https:\\\/\\\/spcpg.lu\\\/#website\",\"url\":\"https:\\\/\\\/spcpg.lu\\\/\",\"name\":\"SPCPG\",\"description\":\"Syndicat du Personnel Civil de la Police Grand-Ducale\",\"publisher\":{\"@id\":\"https:\\\/\\\/spcpg.lu\\\/#organization\"},\"potentialAction\":[{\"@type\":\"SearchAction\",\"target\":{\"@type\":\"EntryPoint\",\"urlTemplate\":\"https:\\\/\\\/spcpg.lu\\\/?s={search_term_string}\"},\"query-input\":{\"@type\":\"PropertyValueSpecification\",\"valueRequired\":true,\"valueName\":\"search_term_string\"}}],\"inLanguage\":\"de\"},{\"@type\":\"Organization\",\"@id\":\"https:\\\/\\\/spcpg.lu\\\/#organization\",\"name\":\"SPCPG\",\"url\":\"https:\\\/\\\/spcpg.lu\\\/\",\"logo\":{\"@type\":\"ImageObject\",\"inLanguage\":\"de\",\"@id\":\"https:\\\/\\\/spcpg.lu\\\/#\\\/schema\\\/logo\\\/image\\\/\",\"url\":\"https:\\\/\\\/spcpg.lu\\\/wp-content\\\/uploads\\\/2024\\\/04\\\/cropped-cropped-spcpg-1.webp\",\"contentUrl\":\"https:\\\/\\\/spcpg.lu\\\/wp-content\\\/uploads\\\/2024\\\/04\\\/cropped-cropped-spcpg-1.webp\",\"width\":424,\"height\":243,\"caption\":\"SPCPG\"},\"image\":{\"@id\":\"https:\\\/\\\/spcpg.lu\\\/#\\\/schema\\\/logo\\\/image\\\/\"}}]}<\/script>\n<!-- \/ Yoast SEO plugin. -->","yoast_head_json":{"title":"Accueil - SPCPG","robots":{"index":"index","follow":"follow","max-snippet":"max-snippet:-1","max-image-preview":"max-image-preview:large","max-video-preview":"max-video-preview:-1"},"canonical":"https:\/\/spcpg.lu\/","og_locale":"de_DE","og_type":"article","og_title":"Accueil - SPCPG","og_description":"Den SPCPG besteet an der aktueller Form s\u00e4it&nbsp;2002. Der Gewerkschaft hiert Ziel ass et d\u00e9i&nbsp;professionelle Interessi vum zivillen&nbsp;Personal&nbsp;an der Police Grand-Ducale ze vertrieden, onofh\u00e4ngeg vun Carri\u00e8re an Grade. 1995 ass d\u00e9i \u00e9ischt Personalvertriedung an d\u00ebsem &hellip;","og_url":"https:\/\/spcpg.lu\/","og_site_name":"SPCPG","article_modified_time":"2024-04-15T15:01:57+00:00","og_image":[{"url":"https:\/\/spcpg.lu\/wp-content\/uploads\/2024\/04\/spcpg.webp","type":"","width":"","height":""}],"twitter_card":"summary_large_image","twitter_misc":{"Gesch\u00e4tzte Lesezeit":"2\u00a0Minuten"},"schema":{"@context":"https:\/\/schema.org","@graph":[{"@type":"WebPage","@id":"https:\/\/spcpg.lu\/","url":"https:\/\/spcpg.lu\/","name":"Accueil - SPCPG","isPartOf":{"@id":"https:\/\/spcpg.lu\/#website"},"primaryImageOfPage":{"@id":"https:\/\/spcpg.lu\/#primaryimage"},"image":{"@id":"https:\/\/spcpg.lu\/#primaryimage"},"thumbnailUrl":"https:\/\/spcpg.lu\/wp-content\/uploads\/2024\/04\/spcpg.webp","datePublished":"2024-04-03T04:30:52+00:00","dateModified":"2024-04-15T15:01:57+00:00","breadcrumb":{"@id":"https:\/\/spcpg.lu\/#breadcrumb"},"inLanguage":"de","potentialAction":[{"@type":"ReadAction","target":["https:\/\/spcpg.lu\/"]}]},{"@type":"ImageObject","inLanguage":"de","@id":"https:\/\/spcpg.lu\/#primaryimage","url":"","contentUrl":""},{"@type":"BreadcrumbList","@id":"https:\/\/spcpg.lu\/#breadcrumb","itemListElement":[{"@type":"ListItem","position":1,"name":"Startseite","item":"https:\/\/spcpg.lu\/"},{"@type":"ListItem","position":2,"name":"Accueil"}]},{"@type":"WebSite","@id":"https:\/\/spcpg.lu\/#website","url":"https:\/\/spcpg.lu\/","name":"SPCPG","description":"Syndicat du Personnel Civil de la Police Grand-Ducale","publisher":{"@id":"https:\/\/spcpg.lu\/#organization"},"potentialAction":[{"@type":"SearchAction","target":{"@type":"EntryPoint","urlTemplate":"https:\/\/spcpg.lu\/?s={search_term_string}"},"query-input":{"@type":"PropertyValueSpecification","valueRequired":true,"valueName":"search_term_string"}}],"inLanguage":"de"},{"@type":"Organization","@id":"https:\/\/spcpg.lu\/#organization","name":"SPCPG","url":"https:\/\/spcpg.lu\/","logo":{"@type":"ImageObject","inLanguage":"de","@id":"https:\/\/spcpg.lu\/#\/schema\/logo\/image\/","url":"https:\/\/spcpg.lu\/wp-content\/uploads\/2024\/04\/cropped-cropped-spcpg-1.webp","contentUrl":"https:\/\/spcpg.lu\/wp-content\/uploads\/2024\/04\/cropped-cropped-spcpg-1.webp","width":424,"height":243,"caption":"SPCPG"},"image":{"@id":"https:\/\/spcpg.lu\/#\/schema\/logo\/image\/"}}]}},"_links":{"self":[{"href":"https:\/\/spcpg.lu\/index.php\/wp-json\/wp\/v2\/pages\/8","targetHints":{"allow":["GET"]}}],"collection":[{"href":"https:\/\/spcpg.lu\/index.php\/wp-json\/wp\/v2\/pages"}],"about":[{"href":"https:\/\/spcpg.lu\/index.php\/wp-json\/wp\/v2\/types\/page"}],"author":[{"embeddable":true,"href":"https:\/\/spcpg.lu\/index.php\/wp-json\/wp\/v2\/users\/1"}],"replies":[{"embeddable":true,"href":"https:\/\/spcpg.lu\/index.php\/wp-json\/wp\/v2\/comments?post=8"}],"version-history":[{"count":13,"href":"https:\/\/spcpg.lu\/index.php\/wp-json\/wp\/v2\/pages\/8\/revisions"}],"predecessor-version":[{"id":102,"href":"https:\/\/spcpg.lu\/index.php\/wp-json\/wp\/v2\/pages\/8\/revisions\/102"}],"wp:attachment":[{"href":"https:\/\/spcpg.lu\/index.php\/wp-json\/wp\/v2\/media?parent=8"}],"curies":[{"name":"wp","href":"https:\/\/api.w.org\/{rel}","templated":true}]}}